{"id":10003,"date":"2018-02-21T08:40:25","date_gmt":"2018-02-21T07:40:25","guid":{"rendered":"http:\/\/sp22.edu.pl\/?page_id=10003"},"modified":"2018-02-21T08:41:07","modified_gmt":"2018-02-21T07:41:07","slug":"optyka","status":"publish","type":"page","link":"https:\/\/sp22.edu.pl\/?page_id=10003","title":{"rendered":"Optyka"},"content":{"rendered":"<p>Na zaj\u0119ciach z interbloku, klasa 3b wykonywa\u0142a do\u015bwiadczenia, podczas kt\u00f3rych uczniowie badali zjawisko za\u0142amania \u015bwiat\u0142a oraz powstawania obrazu w soczewkach.<\/p>\nngg_shortcode_0_placeholder\n","protected":false},"excerpt":{"rendered":"<p>Na zaj\u0119ciach z interbloku, klasa 3b wykonywa\u0142a do\u015bwiadczenia, podczas kt\u00f3rych uczniowie badali zjawisko za\u0142amania \u015bwiat\u0142a oraz powstawania obrazu w soczewkach. &#8221; order_by=&#8221;sortorder&#8221; order_direction=&#8221;ASC&#8221; returns=&#8221;included&#8221; maximum_entity_count=&#8221;500&#8243;]<\/p>\n","protected":false},"author":1,"featured_media":0,"parent":0,"menu_order":0,"comment_status":"closed","ping_status":"closed","template":"","meta":{"ngg_post_thumbnail":0,"footnotes":""},"class_list":["post-10003","page","type-page","status-publish","hentry"],"_links":{"self":[{"href":"https:\/\/sp22.edu.pl\/index.php?rest_route=\/wp\/v2\/pages\/10003"}],"collection":[{"href":"https:\/\/sp22.edu.pl\/index.php?rest_route=\/wp\/v2\/pages"}],"about":[{"href":"https:\/\/sp22.edu.pl\/index.php?rest_route=\/wp\/v2\/types\/page"}],"author":[{"embeddable":true,"href":"https:\/\/sp22.edu.pl\/index.php?rest_route=\/wp\/v2\/users\/1"}],"replies":[{"embeddable":true,"href":"https:\/\/sp22.edu.pl\/index.php?rest_route=%2Fwp%2Fv2%2Fcomments&post=10003"}],"version-history":[{"count":1,"href":"https:\/\/sp22.edu.pl\/index.php?rest_route=\/wp\/v2\/pages\/10003\/revisions"}],"predecessor-version":[{"id":10030,"href":"https:\/\/sp22.edu.pl\/index.php?rest_route=\/wp\/v2\/pages\/10003\/revisions\/10030"}],"wp:attachment":[{"href":"https:\/\/sp22.edu.pl\/index.php?rest_route=%2Fwp%2Fv2%2Fmedia&parent=10003"}],"curies":[{"name":"wp","href":"https:\/\/api.w.org\/{rel}","templated":true}]}}