{"id":15,"date":"2016-08-24T08:26:50","date_gmt":"2016-08-24T06:26:50","guid":{"rendered":"http:\/\/gim11.com\/wordpress\/?page_id=15"},"modified":"2025-03-03T11:05:22","modified_gmt":"2025-03-03T10:05:22","slug":"o-nas","status":"publish","type":"page","link":"https:\/\/sp22.edu.pl\/?page_id=15","title":{"rendered":"Dane szko\u0142y"},"content":{"rendered":"<table class=\"spacer\" width=\"100%\" cellspacing=\"0\" cellpadding=\"0\">\n<tbody>\n<tr>\n<td class=\"main-body\"><strong>Szko\u0142a Podstawowa nr 22 im. Jana Stefana Dworaka w Rudzie \u015al\u0105skiej<\/strong>&nbsp;&nbsp;&nbsp;&nbsp;Adres: ul. Ratownik\u00f3w 15, 41-709 Ruda \u015al\u0105ska<br \/>\nTelefon: 322486132<br \/>\nE-mail: <a href=\"mailto:szkola@sp22.edu.pl\">szkola@sp22.edu.pl<\/a><\/p>\n<p>NIP: 641-254-11-51<br \/>\nREGON: 367508317<\/p>\n<p>Adres strony na Facebooku: <a href=\"https:\/\/www.facebook.com\/Gimnazjum11Ruda\" target=\"_blank\" rel=\"noopener noreferrer\">Link<\/a><\/p>\n<p>Za\u0142o\u017cenie Szko\u0142y Podstawowej &#8211; 1966<br \/>\nZa\u0142o\u017cenie Gimnazjum &#8211; 1999<br \/>\nZa\u0142o\u017cenie Szko\u0142y Podstawowej &#8211; 2017<\/p>\n<p>Dyrektor \u2013 mgr Damian Pajonk<br \/>\nWicedyrektor \u2013 mgr Karina Weso\u0142y<br \/>\nSekretarze \u2013 Gra\u017cyna Dworczyk\/ Danuta Tkocz<br \/>\nReferent &#8211; Anna B\u0142aszczyk<br \/>\nSzko\u0142a liczy: 16 oddzia\u0142\u00f3w<\/p>\n<p>Godziny otwarcia sekretariatu: 7:30 &#8211; 15:30<\/td>\n<\/tr>\n<\/tbody>\n<\/table>\n<p>&nbsp;<\/p>\n","protected":false},"excerpt":{"rendered":"<p>Szko\u0142a Podstawowa nr 22 im. Jana Stefana Dworaka w Rudzie \u015al\u0105skiej&nbsp;&nbsp;&nbsp;&nbsp;Adres: ul. Ratownik\u00f3w 15, 41-709 Ruda \u015al\u0105ska Telefon: 322486132 E-mail: szkola@sp22.edu.pl NIP: 641-254-11-51 REGON: 367508317 Adres strony na Facebooku: Link Za\u0142o\u017cenie Szko\u0142y Podstawowej &#8211; 1966 Za\u0142o\u017cenie Gimnazjum &#8211; 1999 Za\u0142o\u017cenie Szko\u0142y Podstawowej &#8211; 2017 Dyrektor \u2013 mgr Damian Pajonk Wicedyrektor \u2013 mgr Karina Weso\u0142y Sekretarze [&hellip;]<\/p>\n","protected":false},"author":1,"featured_media":0,"parent":39,"menu_order":0,"comment_status":"closed","ping_status":"closed","template":"","meta":{"ngg_post_thumbnail":0,"footnotes":""},"class_list":["post-15","page","type-page","status-publish","hentry"],"_links":{"self":[{"href":"https:\/\/sp22.edu.pl\/index.php?rest_route=\/wp\/v2\/pages\/15"}],"collection":[{"href":"https:\/\/sp22.edu.pl\/index.php?rest_route=\/wp\/v2\/pages"}],"about":[{"href":"https:\/\/sp22.edu.pl\/index.php?rest_route=\/wp\/v2\/types\/page"}],"author":[{"embeddable":true,"href":"https:\/\/sp22.edu.pl\/index.php?rest_route=\/wp\/v2\/users\/1"}],"replies":[{"embeddable":true,"href":"https:\/\/sp22.edu.pl\/index.php?rest_route=%2Fwp%2Fv2%2Fcomments&post=15"}],"version-history":[{"count":14,"href":"https:\/\/sp22.edu.pl\/index.php?rest_route=\/wp\/v2\/pages\/15\/revisions"}],"predecessor-version":[{"id":24142,"href":"https:\/\/sp22.edu.pl\/index.php?rest_route=\/wp\/v2\/pages\/15\/revisions\/24142"}],"up":[{"embeddable":true,"href":"https:\/\/sp22.edu.pl\/index.php?rest_route=\/wp\/v2\/pages\/39"}],"wp:attachment":[{"href":"https:\/\/sp22.edu.pl\/index.php?rest_route=%2Fwp%2Fv2%2Fmedia&parent=15"}],"curies":[{"name":"wp","href":"https:\/\/api.w.org\/{rel}","templated":true}]}}