{"id":19961,"date":"2022-05-11T22:05:22","date_gmt":"2022-05-11T20:05:22","guid":{"rendered":"https:\/\/sp22.edu.pl\/?page_id=19961"},"modified":"2023-01-09T10:34:05","modified_gmt":"2023-01-09T09:34:05","slug":"kacik-logopedyczny","status":"publish","type":"page","link":"https:\/\/sp22.edu.pl\/?page_id=19961","title":{"rendered":"K\u0105cik logopedyczny"},"content":{"rendered":"\n<figure class=\"wp-block-image size-large\"><img loading=\"lazy\" decoding=\"async\" width=\"1024\" height=\"663\" src=\"https:\/\/sp22.edu.pl\/wp-content\/uploads\/2023\/01\/renata-1024x663.jpg\" alt=\"\" class=\"wp-image-20501\" srcset=\"https:\/\/sp22.edu.pl\/wp-content\/uploads\/2023\/01\/renata-1024x663.jpg 1024w, https:\/\/sp22.edu.pl\/wp-content\/uploads\/2023\/01\/renata-300x194.jpg 300w, https:\/\/sp22.edu.pl\/wp-content\/uploads\/2023\/01\/renata-768x497.jpg 768w, https:\/\/sp22.edu.pl\/wp-content\/uploads\/2023\/01\/renata.jpg 1147w\" sizes=\"(max-width: 1024px) 100vw, 1024px\" \/><\/figure>\n\n\n\n<figure class=\"wp-block-image size-full\"><img loading=\"lazy\" decoding=\"async\" width=\"615\" height=\"773\" src=\"https:\/\/sp22.edu.pl\/wp-content\/uploads\/2022\/10\/natka.jpg\" alt=\"\" class=\"wp-image-20133\" srcset=\"https:\/\/sp22.edu.pl\/wp-content\/uploads\/2022\/10\/natka.jpg 615w, https:\/\/sp22.edu.pl\/wp-content\/uploads\/2022\/10\/natka-239x300.jpg 239w\" sizes=\"(max-width: 615px) 100vw, 615px\" \/><\/figure>\n\n\n\n<p><\/p>\n\n\n\n<figure class=\"wp-block-image size-full\"><img loading=\"lazy\" decoding=\"async\" width=\"379\" height=\"521\" src=\"https:\/\/sp22.edu.pl\/wp-content\/uploads\/2022\/05\/logopeda.jpg\" alt=\"\" class=\"wp-image-19962\" srcset=\"https:\/\/sp22.edu.pl\/wp-content\/uploads\/2022\/05\/logopeda.jpg 379w, https:\/\/sp22.edu.pl\/wp-content\/uploads\/2022\/05\/logopeda-218x300.jpg 218w\" sizes=\"(max-width: 379px) 100vw, 379px\" \/><\/figure>\n\n\n\n<p>Zach\u0119camy do zapoznania si\u0119 ze szczeg\u00f3\u0142owym opisem objaw\u00f3w, kt\u00f3re powinny zaniepokoi\u0107 rodzica i sk\u0142oni\u0107 go do kontaktu ze specjalist\u0105&#8230;.<a rel=\"noreferrer noopener\" href=\"https:\/\/sp22.edu.pl\/2021.2022\/Kiedy%20do%20logopedy(1).pdf\" target=\"_blank\">Kliknij<\/a><\/p>\n\n\n\n<figure class=\"wp-block-image size-full\"><img loading=\"lazy\" decoding=\"async\" width=\"731\" height=\"427\" src=\"https:\/\/sp22.edu.pl\/wp-content\/uploads\/2022\/05\/logopeda2.jpg\" alt=\"\" class=\"wp-image-19966\" srcset=\"https:\/\/sp22.edu.pl\/wp-content\/uploads\/2022\/05\/logopeda2.jpg 731w, https:\/\/sp22.edu.pl\/wp-content\/uploads\/2022\/05\/logopeda2-300x175.jpg 300w\" sizes=\"(max-width: 731px) 100vw, 731px\" \/><\/figure>\n\n\n\n<figure class=\"wp-block-image size-full\"><img loading=\"lazy\" decoding=\"async\" width=\"627\" height=\"467\" src=\"https:\/\/sp22.edu.pl\/wp-content\/uploads\/2022\/05\/logopeda1.jpg\" alt=\"\" class=\"wp-image-19967\" srcset=\"https:\/\/sp22.edu.pl\/wp-content\/uploads\/2022\/05\/logopeda1.jpg 627w, https:\/\/sp22.edu.pl\/wp-content\/uploads\/2022\/05\/logopeda1-300x223.jpg 300w\" sizes=\"(max-width: 627px) 100vw, 627px\" \/><\/figure>\n","protected":false},"excerpt":{"rendered":"<p>Zach\u0119camy do zapoznania si\u0119 ze szczeg\u00f3\u0142owym opisem objaw\u00f3w, kt\u00f3re powinny zaniepokoi\u0107 rodzica i sk\u0142oni\u0107 go do kontaktu ze specjalist\u0105&#8230;.Kliknij<\/p>\n","protected":false},"author":14,"featured_media":20501,"parent":35,"menu_order":4,"comment_status":"closed","ping_status":"closed","template":"","meta":{"ngg_post_thumbnail":0,"footnotes":""},"class_list":["post-19961","page","type-page","status-publish","has-post-thumbnail","hentry"],"_links":{"self":[{"href":"https:\/\/sp22.edu.pl\/index.php?rest_route=\/wp\/v2\/pages\/19961"}],"collection":[{"href":"https:\/\/sp22.edu.pl\/index.php?rest_route=\/wp\/v2\/pages"}],"about":[{"href":"https:\/\/sp22.edu.pl\/index.php?rest_route=\/wp\/v2\/types\/page"}],"author":[{"embeddable":true,"href":"https:\/\/sp22.edu.pl\/index.php?rest_route=\/wp\/v2\/users\/14"}],"replies":[{"embeddable":true,"href":"https:\/\/sp22.edu.pl\/index.php?rest_route=%2Fwp%2Fv2%2Fcomments&post=19961"}],"version-history":[{"count":8,"href":"https:\/\/sp22.edu.pl\/index.php?rest_route=\/wp\/v2\/pages\/19961\/revisions"}],"predecessor-version":[{"id":20503,"href":"https:\/\/sp22.edu.pl\/index.php?rest_route=\/wp\/v2\/pages\/19961\/revisions\/20503"}],"up":[{"embeddable":true,"href":"https:\/\/sp22.edu.pl\/index.php?rest_route=\/wp\/v2\/pages\/35"}],"wp:featuredmedia":[{"embeddable":true,"href":"https:\/\/sp22.edu.pl\/index.php?rest_route=\/wp\/v2\/media\/20501"}],"wp:attachment":[{"href":"https:\/\/sp22.edu.pl\/index.php?rest_route=%2Fwp%2Fv2%2Fmedia&parent=19961"}],"curies":[{"name":"wp","href":"https:\/\/api.w.org\/{rel}","templated":true}]}}