{"id":23974,"date":"2024-12-16T13:55:30","date_gmt":"2024-12-16T12:55:30","guid":{"rendered":"https:\/\/sp22.edu.pl\/?page_id=23974"},"modified":"2024-12-16T13:55:30","modified_gmt":"2024-12-16T12:55:30","slug":"aktywna-tablica","status":"publish","type":"page","link":"https:\/\/sp22.edu.pl\/?page_id=23974","title":{"rendered":"\u201eAktywna tablica\u201d"},"content":{"rendered":"\n<p>Informujemy, \u017ce w Szkole Podstawowej nr 22 im. Jana Stefana Dworaka w Rudzie \u015al\u0105skiej zrealizowano \u201eAktywn\u0105 tablic\u0119\u201d &#8211; rz\u0105dowy program rozwijania szkolnej infrastruktury oraz kompetencji uczni\u00f3w i nauczycieli w zakresie technologii informacyjno-komunikacyjnych na lata 2020-2024.<\/p>\n\n\n\n<p>Na realizacj\u0119 otrzymali\u015bmy dofinansowanie ze \u015brodk\u00f3w bud\u017cetu pa\u0144stwa w wysoko\u015bci 35.000,00 z\u0142.<\/p>\n\n\n\n<p>Ca\u0142kowita warto\u015b\u0107 wsparcia dla szko\u0142y wynios\u0142a 43.750,00 z\u0142.<\/p>\n\n\n\n<figure class=\"wp-block-image size-large\"><img loading=\"lazy\" decoding=\"async\" width=\"724\" height=\"1024\" src=\"https:\/\/sp22.edu.pl\/wp-content\/uploads\/2024\/12\/plakat-AT-SP-724x1024.jpg\" alt=\"\" class=\"wp-image-23971\" srcset=\"https:\/\/sp22.edu.pl\/wp-content\/uploads\/2024\/12\/plakat-AT-SP-724x1024.jpg 724w, https:\/\/sp22.edu.pl\/wp-content\/uploads\/2024\/12\/plakat-AT-SP-212x300.jpg 212w, https:\/\/sp22.edu.pl\/wp-content\/uploads\/2024\/12\/plakat-AT-SP-768x1086.jpg 768w, https:\/\/sp22.edu.pl\/wp-content\/uploads\/2024\/12\/plakat-AT-SP-1086x1536.jpg 1086w, https:\/\/sp22.edu.pl\/wp-content\/uploads\/2024\/12\/plakat-AT-SP-1448x2048.jpg 1448w, https:\/\/sp22.edu.pl\/wp-content\/uploads\/2024\/12\/plakat-AT-SP.jpg 1754w\" sizes=\"(max-width: 724px) 100vw, 724px\" \/><\/figure>\n","protected":false},"excerpt":{"rendered":"<p>Informujemy, \u017ce w Szkole Podstawowej nr 22 im. Jana Stefana Dworaka w Rudzie \u015al\u0105skiej zrealizowano \u201eAktywn\u0105 tablic\u0119\u201d &#8211; rz\u0105dowy program rozwijania szkolnej infrastruktury oraz kompetencji uczni\u00f3w i nauczycieli w zakresie technologii informacyjno-komunikacyjnych na lata 2020-2024. Na realizacj\u0119 otrzymali\u015bmy dofinansowanie ze \u015brodk\u00f3w bud\u017cetu pa\u0144stwa w wysoko\u015bci 35.000,00 z\u0142. Ca\u0142kowita warto\u015b\u0107 wsparcia dla szko\u0142y wynios\u0142a 43.750,00 z\u0142.<\/p>\n","protected":false},"author":14,"featured_media":0,"parent":0,"menu_order":0,"comment_status":"closed","ping_status":"closed","template":"","meta":{"ngg_post_thumbnail":0,"footnotes":""},"class_list":["post-23974","page","type-page","status-publish","hentry"],"_links":{"self":[{"href":"https:\/\/sp22.edu.pl\/index.php?rest_route=\/wp\/v2\/pages\/23974"}],"collection":[{"href":"https:\/\/sp22.edu.pl\/index.php?rest_route=\/wp\/v2\/pages"}],"about":[{"href":"https:\/\/sp22.edu.pl\/index.php?rest_route=\/wp\/v2\/types\/page"}],"author":[{"embeddable":true,"href":"https:\/\/sp22.edu.pl\/index.php?rest_route=\/wp\/v2\/users\/14"}],"replies":[{"embeddable":true,"href":"https:\/\/sp22.edu.pl\/index.php?rest_route=%2Fwp%2Fv2%2Fcomments&post=23974"}],"version-history":[{"count":1,"href":"https:\/\/sp22.edu.pl\/index.php?rest_route=\/wp\/v2\/pages\/23974\/revisions"}],"predecessor-version":[{"id":23975,"href":"https:\/\/sp22.edu.pl\/index.php?rest_route=\/wp\/v2\/pages\/23974\/revisions\/23975"}],"wp:attachment":[{"href":"https:\/\/sp22.edu.pl\/index.php?rest_route=%2Fwp%2Fv2%2Fmedia&parent=23974"}],"curies":[{"name":"wp","href":"https:\/\/api.w.org\/{rel}","templated":true}]}}

<p>Informujemy, że w Szkole Podstawowej nr 22 im. Jana Stefana Dworaka w Rudzie Śląskiej zrealizowano „Aktywną tablicę” &#8211; rządowy program rozwijania szkolnej infrastruktury oraz kompetencji uczniów i nauczycieli w zakresie technologii informacyjno-komunikacyjnych na lata 2020-2024.</p>



<p>Na realizację otrzymaliśmy dofinansowanie ze środków budżetu państwa w wysokości 35.000,00 zł.</p>



<p>Całkowita wartość wsparcia dla szkoły wyniosła 43.750,00 zł.</p>



<figure class="wp-block-image size-large"><img loading="lazy" decoding="async" width="724" height="1024" src="https://sp22.edu.pl/wp-content/uploads/2024/12/plakat-AT-SP-724x1024.jpg" alt="" class="wp-image-23971" srcset="https://sp22.edu.pl/wp-content/uploads/2024/12/plakat-AT-SP-724x1024.jpg 724w, https://sp22.edu.pl/wp-content/uploads/2024/12/plakat-AT-SP-212x300.jpg 212w, https://sp22.edu.pl/wp-content/uploads/2024/12/plakat-AT-SP-768x1086.jpg 768w, https://sp22.edu.pl/wp-content/uploads/2024/12/plakat-AT-SP-1086x1536.jpg 1086w, https://sp22.edu.pl/wp-content/uploads/2024/12/plakat-AT-SP-1448x2048.jpg 1448w, https://sp22.edu.pl/wp-content/uploads/2024/12/plakat-AT-SP.jpg 1754w" sizes="(max-width: 724px) 100vw, 724px" /></figure>

<p>Informujemy, że w Szkole Podstawowej nr 22 im. Jana Stefana Dworaka w Rudzie Śląskiej zrealizowano „Aktywną tablicę” &#8211; rządowy program rozwijania szkolnej infrastruktury oraz kompetencji uczniów i nauczycieli w zakresie technologii informacyjno-komunikacyjnych na lata 2020-2024. Na realizację otrzymaliśmy dofinansowanie ze środków budżetu państwa w wysokości 35.000,00 zł. Całkowita wartość wsparcia dla szkoły wyniosła 43.750,00 zł.</p>
