{"id":63,"date":"2016-08-24T15:03:37","date_gmt":"2016-08-24T13:03:37","guid":{"rendered":"http:\/\/gim11.com\/wordpress\/?page_id=63"},"modified":"2016-08-24T15:03:37","modified_gmt":"2016-08-24T13:03:37","slug":"edukacja-europejska","status":"publish","type":"page","link":"https:\/\/sp22.edu.pl\/?page_id=63","title":{"rendered":"Edukacja europejska"},"content":{"rendered":"<p>Innowacja pedagogiczna \u201eEdukacja europejska\u201d by\u0142a realizowana od wrze\u015bnia 2007roku we wszystkich klasach rozpoczynaj\u0105cych nauk\u0119 w naszym gimnazjum do zako\u0144czenia nauki w czerwcu 2010 roku. Innowacja wdro\u017cona by\u0142a na lekcjach j\u0119zyka polskiego, j\u0119zyk\u00f3w obcych, historii, wiedzy o spo\u0142ecze\u0144stwie, geografii, plastyce, muzyce, lekcjach wychowawczych, zaj\u0119ciach pozalekcyjnych.<br \/>\nZrealizowano tre\u015bci z dzia\u0142\u00f3w:<br \/>\n&#8211; miejsce Polski w Europie,<br \/>\n&#8211; poznajemy Europ\u0119,<br \/>\n&#8211; poznajemy Uni\u0119 Europejsk\u0105,<br \/>\n&#8211; s\u0142awni Europejczycy<br \/>\nZadania by\u0142y zrealizowane na lekcjach w szkole, w Regionalnym O\u015brodku Kultury w Katowicach (kwiecie\u0144 2008r.), w Muzeum \u015al\u0105skim w Katowicach(marzec 2008r), w Muzeum Miejskim w Rudzie \u015al\u0105skiej, w Muzeum Radiostacji Gliwickiej, podczas wycieczek krajowych: Nowy Wi\u015bnicz, Bochnia, Krak\u00f3w, Wadowice, O\u015bwi\u0119cim i wycieczki zagranicznej do Pary\u017ca.<br \/>\nPoznawanie instytucji Unii Europejskiej odby\u0142o si\u0119 w ramach realizacji projektu edukacyjnego organizowanego przez Centrum Edukacji Europejskiej \u201eM\u0142odzi g\u0142osuj\u0105\u201d wybory deparlamentu Europejskiego ( 1 czerwca 2009r.)<br \/>\nCo roku edukacja europejska by\u0142a podsumowana szkolnym Dniem Europejskim.<\/p>\n","protected":false},"excerpt":{"rendered":"<p>Innowacja pedagogiczna \u201eEdukacja europejska\u201d by\u0142a realizowana od wrze\u015bnia 2007roku we wszystkich klasach rozpoczynaj\u0105cych nauk\u0119 w naszym gimnazjum do zako\u0144czenia nauki w czerwcu 2010 roku. Innowacja wdro\u017cona by\u0142a na lekcjach j\u0119zyka polskiego, j\u0119zyk\u00f3w obcych, historii, wiedzy o spo\u0142ecze\u0144stwie, geografii, plastyce, muzyce, lekcjach wychowawczych, zaj\u0119ciach pozalekcyjnych. Zrealizowano tre\u015bci z dzia\u0142\u00f3w: &#8211; miejsce Polski w Europie, &#8211; poznajemy [&hellip;]<\/p>\n","protected":false},"author":1,"featured_media":0,"parent":61,"menu_order":0,"comment_status":"closed","ping_status":"closed","template":"","meta":{"ngg_post_thumbnail":0,"footnotes":""},"class_list":["post-63","page","type-page","status-publish","hentry"],"_links":{"self":[{"href":"https:\/\/sp22.edu.pl\/index.php?rest_route=\/wp\/v2\/pages\/63"}],"collection":[{"href":"https:\/\/sp22.edu.pl\/index.php?rest_route=\/wp\/v2\/pages"}],"about":[{"href":"https:\/\/sp22.edu.pl\/index.php?rest_route=\/wp\/v2\/types\/page"}],"author":[{"embeddable":true,"href":"https:\/\/sp22.edu.pl\/index.php?rest_route=\/wp\/v2\/users\/1"}],"replies":[{"embeddable":true,"href":"https:\/\/sp22.edu.pl\/index.php?rest_route=%2Fwp%2Fv2%2Fcomments&post=63"}],"version-history":[{"count":1,"href":"https:\/\/sp22.edu.pl\/index.php?rest_route=\/wp\/v2\/pages\/63\/revisions"}],"predecessor-version":[{"id":64,"href":"https:\/\/sp22.edu.pl\/index.php?rest_route=\/wp\/v2\/pages\/63\/revisions\/64"}],"up":[{"embeddable":true,"href":"https:\/\/sp22.edu.pl\/index.php?rest_route=\/wp\/v2\/pages\/61"}],"wp:attachment":[{"href":"https:\/\/sp22.edu.pl\/index.php?rest_route=%2Fwp%2Fv2%2Fmedia&parent=63"}],"curies":[{"name":"wp","href":"https:\/\/api.w.org\/{rel}","templated":true}]}}

<p>Innowacja pedagogiczna „Edukacja europejska” była realizowana od września 2007roku we wszystkich klasach rozpoczynających naukę w naszym gimnazjum do zakończenia nauki w czerwcu 2010 roku. Innowacja wdrożona była na lekcjach języka polskiego, języków obcych, historii, wiedzy o społeczeństwie, geografii, plastyce, muzyce, lekcjach wychowawczych, zajęciach pozalekcyjnych.<br />
Zrealizowano treści z działów:<br />
&#8211; miejsce Polski w Europie,<br />
&#8211; poznajemy Europę,<br />
&#8211; poznajemy Unię Europejską,<br />
&#8211; sławni Europejczycy<br />
Zadania były zrealizowane na lekcjach w szkole, w Regionalnym Ośrodku Kultury w Katowicach (kwiecień 2008r.), w Muzeum Śląskim w Katowicach(marzec 2008r), w Muzeum Miejskim w Rudzie Śląskiej, w Muzeum Radiostacji Gliwickiej, podczas wycieczek krajowych: Nowy Wiśnicz, Bochnia, Kraków, Wadowice, Oświęcim i wycieczki zagranicznej do Paryża.<br />
Poznawanie instytucji Unii Europejskiej odbyło się w ramach realizacji projektu edukacyjnego organizowanego przez Centrum Edukacji Europejskiej „Młodzi głosują” wybory deparlamentu Europejskiego ( 1 czerwca 2009r.)<br />
Co roku edukacja europejska była podsumowana szkolnym Dniem Europejskim.</p>

<p>Innowacja pedagogiczna „Edukacja europejska” była realizowana od września 2007roku we wszystkich klasach rozpoczynających naukę w naszym gimnazjum do zakończenia nauki w czerwcu 2010 roku. Innowacja wdrożona była na lekcjach języka polskiego, języków obcych, historii, wiedzy o społeczeństwie, geografii, plastyce, muzyce, lekcjach wychowawczych, zajęciach pozalekcyjnych. Zrealizowano treści z działów: &#8211; miejsce Polski w Europie, &#8211; poznajemy [&hellip;]</p>
